{"id":76,"date":"2019-03-07T17:00:29","date_gmt":"2019-03-07T17:00:29","guid":{"rendered":"https:\/\/entornohunterdouglas.com\/?page_id=76"},"modified":"2019-03-07T17:00:29","modified_gmt":"2019-03-07T17:00:29","slug":"enrollables","status":"publish","type":"page","link":"https:\/\/entornohunterdouglas.com\/index.php\/enrollables\/","title":{"rendered":"Enrollables"},"content":{"rendered":"<section id=\"detalle\" class=\"section center\">\n<div class=\"wow fadeIn animated\">\n<div class=\"texto textcenter\">\n<p>Las Cortinas Roller, elegantes y sofisticadas, entrega cientos de soluciones para todas tus espacios. Ofrecen una operaci\u00f3n confortable y poderosa que permite cubrir tanto peque\u00f1as como grandes dimensiones, con sus <strong>Sistemas Design Classic Deluxe y Xtreme<\/strong>.<\/p>\n<p>Gracias a sus componentes exclusivos y patentados, facilitan su instalaci\u00f3n, operaci\u00f3n y el acoplado de varias cortinas.<\/p>\n<p>Entre sus 57 colecciones disponibles, incluye telas bajo el concepto HDgreen, libres de PVC y VOC, con componentes reciclables y coeficientes de sombra y control de luz, que permiten ahorrar energ\u00eda al mejorar la climatizaci\u00f3n de los ambientes.<\/p>\n<p>Su operaci\u00f3n es sencilla, entregando las opciones de crank, cadena o motor; adem\u00e1s bajo el sello Child Safety con accionamientos seguros para ni\u00f1os y mascotas.<\/p>\n<\/div>\n<\/div>\n<\/section>\n<div id=\"boxes\">\n<div class=\"box wow fadeInRight animated\">\n<div class=\"texto\">\n<div class=\"middle\">\n<h3>Caracter\u00edstica Principal<\/h3>\n<p>Las Cortinas Roller gracias a sus innovadoras caracter\u00edsticas y gran est\u00e9tica, reducen dram\u00e1ticamente los gastos en control t\u00e9rmico, siempre con discreci\u00f3n y elegancia, entregando una mayor confortabilidad a los ambientes.Se caracterizan adem\u00e1s por ser las mejores cortinas gigantes del mercado.<\/p>\n<\/div>\n<\/div>\n<div class=\"img\"><a class=\"video scale-effect \" title=\"Caracter\u00edstica Principal\"><img loading=\"lazy\" decoding=\"async\" class=\"fullwidth\" title=\"Caracter\u00edstica Principal\" src=\"http:\/\/www.hunterdouglas.com.ec\/cortinas\/img\/ec\/productos_display\/843x338-1\/roller13.jpg\" alt=\"Caracter\u00edstica Principal\" width=\"843\" height=\"338\"><\/a><\/div>\n<\/div>\n<div class=\"box wow textleft fadeInLeft animated\">\n<div class=\"texto\">\n<div class=\"middle\">\n<h3>Operaci\u00f3n confortable y poderosa<\/h3>\n<p>Roller ofrece 2 soluciones de accionamiento que se adaptan a sus necesidades: Cadena y Motor; todas de f\u00e1cil instalaci\u00f3n para operar de forma r\u00e1pida y segura con sello Child Safety, entregando seguridad para ni\u00f1os y mascotas.<\/p>\n<\/div>\n<\/div>\n<div class=\"img\"><a class=\"video scale-effect \" title=\"Operaci\u00f3n confortable y poderosa\"><img loading=\"lazy\" decoding=\"async\" class=\"fullwidth\" title=\"Operaci\u00f3n confortable y poderosa\" src=\"http:\/\/www.hunterdouglas.com.ec\/cortinas\/img\/ec\/productos_display\/843x338-1\/IMAGEN05.jpg\" alt=\"Operaci\u00f3n confortable y poderosa\" width=\"843\" height=\"338\"><\/a><\/div>\n<\/div>\n<div class=\"box wow fadeInRight animated\">\n<div class=\"texto\">\n<div class=\"middle\">\n<h3>Elegante dise\u00f1o arquitect\u00f3nico<\/h3>\n<p>Al dise\u00f1o y calidad, que la han situado como l\u00edder en el mercado, hoy se suma la incorporaci\u00f3n de mecanismos y componentes mucho m\u00e1s poderosos y robustos; que entregan soluciones elegantes y c\u00f3modas para todo tipo de ambientes. Adem\u00e1s, permite crear cortinas traslapadas que evitan el espacio que se produce normalmente entre las telas de cortinas contiguas y cortinas acopladas que se mueven simult\u00e1neamente.<\/p>\n<\/div>\n<\/div>\n<div class=\"img\"><a class=\"video scale-effect \" title=\"Elegante dise\u00f1o arquitect\u00f3nico\"><img loading=\"lazy\" decoding=\"async\" class=\"fullwidth\" title=\"Elegante dise\u00f1o arquitect\u00f3nico\" src=\"http:\/\/www.hunterdouglas.com.ec\/cortinas\/img\/ec\/productos_display\/843x338-1\/RB_1818.jpg\" alt=\"Elegante dise\u00f1o arquitect\u00f3nico\" width=\"843\" height=\"338\"><\/a><\/div>\n<\/div>\n<div class=\"box wow textleft fadeInLeft animated\">\n<div class=\"texto\">\n<div class=\"middle\">\n<h3>Sistema Design, Classic para peque\u00f1as dimensiones. Sistemas Deluxe y Xtreme para grandes dimensiones<\/h3>\n<p>Sus robustos componentes, tales como: &nbsp;tubos de aluminio de alta inercia, diversos accionamientos tanto manuales como motorizados y telas termoselladas,&nbsp;permiten cubrir grandes dimensiones, manteniendo la elegancia y funcionalidad.<\/p>\n<\/div>\n<\/div>\n<div class=\"img\"><a class=\"video scale-effect \" title=\"Sistema Design, Classic para peque\u00f1as dimensiones. Sistemas Deluxe y Xtreme para grandes dimensiones\"><img loading=\"lazy\" decoding=\"async\" class=\"fullwidth\" title=\"Sistema Design, Classic para peque\u00f1as dimensiones. Sistemas Deluxe y Xtreme para grandes dimensiones\" src=\"http:\/\/www.hunterdouglas.com.ec\/cortinas\/img\/ec\/productos_display\/843x338-1\/Cortinas%20Roller_10.jpg\" alt=\"Sistema Design, Classic para peque\u00f1as dimensiones. Sistemas Deluxe y Xtreme para grandes dimensiones\" width=\"843\" height=\"338\"><\/a><\/div>\n<div class=\"clear\"><\/div>\n<\/div>\n<div class=\"box wow fadeInRight animated\">\n<div class=\"texto\">\n<div class=\"middle\">\n<h3>Terminaciones<\/h3>\n<ul>\n<li>Colecciones altamente est\u00e9ticas y vanguardistas: gran variedad de colecciones con 238 colores y texturas disponibles en telas screen y black out.<\/li>\n<li>La incorporaci\u00f3n de una cenefa, adem\u00e1s de ser un plus est\u00e9tico gracias a su gama de asociaci\u00f3n de colores, evita el ingreso de luz en el \u00e1rea de enrollamiento, siendo un componente adicional perfecto, tanto a nivel funcional como decorativo.<\/li>\n<li>Como detalle est\u00e9tico, esta cortina moderna, ofrece opciones de base ovalada o plana.<\/li>\n<\/ul>\n<\/div>\n<\/div>\n<\/div>\n<\/div>\n","protected":false},"excerpt":{"rendered":"<p>Las Cortinas Roller, elegantes y sofisticadas, entrega cientos de soluciones para todas tus espacios. Ofrecen una operaci\u00f3n confortable y poderosa que permite cubrir tanto peque\u00f1as como grandes dimensiones, con sus Sistemas Design<a class=\"moretag\" href=\"https:\/\/entornohunterdouglas.com\/index.php\/enrollables\/\">Leer m\u00e1s&#8230;<\/a><\/p>\n","protected":false},"author":1,"featured_media":77,"parent":0,"menu_order":0,"comment_status":"closed","ping_status":"closed","template":"","meta":{"_joinchat":[],"footnotes":""},"class_list":["post-76","page","type-page","status-publish","has-post-thumbnail","hentry"],"_links":{"self":[{"href":"https:\/\/entornohunterdouglas.com\/index.php\/wp-json\/wp\/v2\/pages\/76","targetHints":{"allow":["GET"]}}],"collection":[{"href":"https:\/\/entornohunterdouglas.com\/index.php\/wp-json\/wp\/v2\/pages"}],"about":[{"href":"https:\/\/entornohunterdouglas.com\/index.php\/wp-json\/wp\/v2\/types\/page"}],"author":[{"embeddable":true,"href":"https:\/\/entornohunterdouglas.com\/index.php\/wp-json\/wp\/v2\/users\/1"}],"replies":[{"embeddable":true,"href":"https:\/\/entornohunterdouglas.com\/index.php\/wp-json\/wp\/v2\/comments?post=76"}],"version-history":[{"count":1,"href":"https:\/\/entornohunterdouglas.com\/index.php\/wp-json\/wp\/v2\/pages\/76\/revisions"}],"predecessor-version":[{"id":78,"href":"https:\/\/entornohunterdouglas.com\/index.php\/wp-json\/wp\/v2\/pages\/76\/revisions\/78"}],"wp:featuredmedia":[{"embeddable":true,"href":"https:\/\/entornohunterdouglas.com\/index.php\/wp-json\/wp\/v2\/media\/77"}],"wp:attachment":[{"href":"https:\/\/entornohunterdouglas.com\/index.php\/wp-json\/wp\/v2\/media?parent=76"}],"curies":[{"name":"wp","href":"https:\/\/api.w.org\/{rel}","templated":true}]}}