{"id":66,"date":"2019-03-07T16:54:52","date_gmt":"2019-03-07T16:54:52","guid":{"rendered":"https:\/\/entornohunterdouglas.com\/?page_id=66"},"modified":"2019-06-20T12:46:21","modified_gmt":"2019-06-20T12:46:21","slug":"cortinas-y-persianas","status":"publish","type":"page","link":"https:\/\/entornohunterdouglas.com\/index.php\/cortinas-y-persianas\/","title":{"rendered":"Cortinas y Persianas"},"content":{"rendered":"<div class=\"csRow\">\n<div class=\"csRow\">\n<div class=\"csColumn\" style=\"margin: 0px; padding: 0px; float: left; width: 30.7%; text-align: center;\" data-csstartpoint=\"15\" data-csendpoint=\"310\" data-cswidth=\"30.7%\" data-csid=\"c397ce10-7e56-01bb-8d83-a44aba9cd44b\"><\/div>\n<\/div>\n<\/div>\n<div style=\"text-align: center;\">\n<div class=\"csRow\">\n<div class=\"csColumnGap\" style=\"margin: 0px; padding: 0px; float: left; width: 1.56%;\"><img decoding=\"async\" style=\"border: none;\" src=\"https:\/\/entornohunterdouglas.com\/wp-content\/plugins\/advanced-wp-columns\/assets\/js\/plugins\/views\/img\/1x1-pixel.png\" \/><\/div>\n<div class=\"csColumn\" style=\"margin: 0px; padding: 0px; float: left; width: 31.3%;\" data-csstartpoint=\"15\" data-csendpoint=\"315\" data-cswidth=\"31.3%\" data-csid=\"3b949241-7999-df14-9d23-01079c186e25\">\n<p><strong><a href=\"..\/..\/..\/..\/..\/..\/..\/index.php\/cortina-blackout-duette\/\"><img loading=\"lazy\" decoding=\"async\" class=\"alignnone size-medium wp-image-90\" src=\"https:\/\/entornohunterdouglas.com\/wp-content\/uploads\/2019\/03\/duette2-300x120.jpg\" alt=\"\" width=\"300\" height=\"120\" srcset=\"https:\/\/entornohunterdouglas.com\/wp-content\/uploads\/2019\/03\/duette2-300x120.jpg 300w, https:\/\/entornohunterdouglas.com\/wp-content\/uploads\/2019\/03\/duette2-768x307.jpg 768w, https:\/\/entornohunterdouglas.com\/wp-content\/uploads\/2019\/03\/duette2-1024x410.jpg 1024w, https:\/\/entornohunterdouglas.com\/wp-content\/uploads\/2019\/03\/duette2.jpg 1200w\" sizes=\"auto, (max-width: 300px) 100vw, 300px\" \/><\/a><\/strong><\/p>\n<p><strong><a href=\"..\/..\/..\/..\/..\/..\/..\/index.php\/cortina-blackout-duette\/\">CORTINA BLACKOUT DUETTE<\/a><\/strong><strong><a href=\"..\/..\/..\/..\/..\/..\/..\/index.php\/cortina-blackout-duette\/\"><img id=\"alttext-image\" alt=\"\" width=\"16\" height=\"16\" align=\"left\" \/><\/a><\/strong><br \/>\nFabricada en tela de poliester y recubierta de PVC, posee una estructura celular de celdas tipo panal que otorgan aislaci\u00f3n t\u00e9rmica y absorci\u00f3n ac\u00fastica. <a href=\"..\/..\/..\/..\/..\/..\/..\/index.php\/cortina-blackout-duette\/\">VER M\u00c1S &gt;&gt;<\/a><\/p>\n<p><img loading=\"lazy\" decoding=\"async\" class=\"alignnone size-medium wp-image-99\" src=\"https:\/\/entornohunterdouglas.com\/wp-content\/uploads\/2019\/03\/Pirouette2-300x120.jpg\" alt=\"\" width=\"300\" height=\"120\" srcset=\"https:\/\/entornohunterdouglas.com\/wp-content\/uploads\/2019\/03\/Pirouette2-300x120.jpg 300w, https:\/\/entornohunterdouglas.com\/wp-content\/uploads\/2019\/03\/Pirouette2-768x307.jpg 768w, https:\/\/entornohunterdouglas.com\/wp-content\/uploads\/2019\/03\/Pirouette2-1024x410.jpg 1024w, https:\/\/entornohunterdouglas.com\/wp-content\/uploads\/2019\/03\/Pirouette2.jpg 1200w\" sizes=\"auto, (max-width: 300px) 100vw, 300px\" \/><\/p>\n<p><a href=\"..\/..\/..\/..\/..\/..\/..\/index.php\/pirouette\/\"><strong>CORTINA PIROUETTE<\/strong><\/a><br \/>\nTiene un dise\u00f1o \u00fanico con l\u00e1minas horizontales de tela que van adheridas a una capa sheer posterior, formando delicados pliegues que parecen flotar sobre la ventana.\u00a0<a href=\"..\/..\/..\/..\/..\/..\/..\/index.php\/pirouette\/\">VER M\u00c1S &gt;&gt;<\/a><\/p>\n<p><img loading=\"lazy\" decoding=\"async\" class=\"alignnone size-medium wp-image-77\" src=\"https:\/\/entornohunterdouglas.com\/wp-content\/uploads\/2019\/03\/roller2-300x120.jpg\" alt=\"\" width=\"300\" height=\"120\" srcset=\"https:\/\/entornohunterdouglas.com\/wp-content\/uploads\/2019\/03\/roller2-300x120.jpg 300w, https:\/\/entornohunterdouglas.com\/wp-content\/uploads\/2019\/03\/roller2-768x307.jpg 768w, https:\/\/entornohunterdouglas.com\/wp-content\/uploads\/2019\/03\/roller2-1024x410.jpg 1024w, https:\/\/entornohunterdouglas.com\/wp-content\/uploads\/2019\/03\/roller2.jpg 1200w\" sizes=\"auto, (max-width: 300px) 100vw, 300px\" \/><\/p>\n<p><a href=\"..\/..\/..\/..\/..\/..\/..\/index.php\/twinline\/\"><strong>CORTINA TWINLINE<\/strong><\/a><br \/>\nAdem\u00e1s de cubrir tus ventanas, permite disfrutar del paisaje exterior, manteniendo la intimidad de los espacios, y entregando un excelente control del ingreso de luz.\u00a0<a href=\"..\/..\/..\/..\/..\/..\/..\/index.php\/twinline\/\">VER M\u00c1S &gt;&gt;<\/a><\/p>\n<\/div>\n<div class=\"csColumnGap\" style=\"margin: 0px; padding: 0px; float: left; width: 1.56%;\"><img decoding=\"async\" style=\"border: none;\" src=\"https:\/\/entornohunterdouglas.com\/wp-content\/plugins\/advanced-wp-columns\/assets\/js\/plugins\/views\/img\/1x1-pixel.png\" \/><\/div>\n<div class=\"csColumn\" style=\"margin: 0px; padding: 0px; float: left; width: 31.3%;\" data-csstartpoint=\"330\" data-csendpoint=\"630\" data-cswidth=\"31.3%\" data-csid=\"d96ddbc4-3e99-65a2-9201-1ed4b1b8fb79\">\n<p><img loading=\"lazy\" decoding=\"async\" class=\"alignnone size-medium wp-image-87\" src=\"https:\/\/entornohunterdouglas.com\/wp-content\/uploads\/2019\/03\/Luminette2-300x120.jpg\" alt=\"\" width=\"300\" height=\"120\" srcset=\"https:\/\/entornohunterdouglas.com\/wp-content\/uploads\/2019\/03\/Luminette2-300x120.jpg 300w, https:\/\/entornohunterdouglas.com\/wp-content\/uploads\/2019\/03\/Luminette2-768x307.jpg 768w, https:\/\/entornohunterdouglas.com\/wp-content\/uploads\/2019\/03\/Luminette2-1024x410.jpg 1024w, https:\/\/entornohunterdouglas.com\/wp-content\/uploads\/2019\/03\/Luminette2.jpg 1200w\" sizes=\"auto, (max-width: 300px) 100vw, 300px\" \/><\/p>\n<p><a href=\"..\/..\/..\/..\/..\/..\/..\/index.php\/cortina-luminette\/\"><strong>CORTINA LUMINETTE<\/strong><\/a><br \/>\nUn sofisticado producto que otorga elegancia a los ambientes. Se caracteriza por sus suaves curvas uniformes en forma de \u201cS\u201d a lo largo de toda la cortina. <a href=\"..\/..\/..\/..\/..\/..\/..\/index.php\/cortina-luminette\/\">VER M\u00c1S &gt;&gt;<\/a><\/p>\n<p><a href=\"..\/..\/..\/..\/..\/..\/..\/index.php\/romanas\/\"><img loading=\"lazy\" decoding=\"async\" class=\"alignnone size-medium wp-image-80\" src=\"https:\/\/entornohunterdouglas.com\/wp-content\/uploads\/2019\/03\/romanas-300x120.jpg\" alt=\"\" width=\"300\" height=\"120\" srcset=\"https:\/\/entornohunterdouglas.com\/wp-content\/uploads\/2019\/03\/romanas-300x120.jpg 300w, https:\/\/entornohunterdouglas.com\/wp-content\/uploads\/2019\/03\/romanas-768x307.jpg 768w, https:\/\/entornohunterdouglas.com\/wp-content\/uploads\/2019\/03\/romanas-1024x410.jpg 1024w, https:\/\/entornohunterdouglas.com\/wp-content\/uploads\/2019\/03\/romanas.jpg 1200w\" sizes=\"auto, (max-width: 300px) 100vw, 300px\" \/><\/a><\/p>\n<p><a href=\"..\/..\/..\/..\/..\/..\/..\/index.php\/romanas\/\"><strong>CORTINA ROMANAS<\/strong><\/a><br \/>\nOfrecen importantes ventajas de calidad sobre las cortinas store tradicionales, con finas terminaciones que no presentan costuras a la vista y una amplia variedad de telas.\u00a0<a href=\"..\/..\/..\/..\/..\/..\/..\/index.php\/romanas\/\">VER M\u00c1S &gt;&gt;<\/a><\/p>\n<p><a href=\"..\/..\/..\/..\/..\/..\/..\/index.php\/panel-glide\/\"><img loading=\"lazy\" decoding=\"async\" class=\"alignnone size-medium wp-image-70\" src=\"https:\/\/entornohunterdouglas.com\/wp-content\/uploads\/2019\/03\/PanelGlide2-300x120.jpg\" alt=\"\" width=\"300\" height=\"120\" srcset=\"https:\/\/entornohunterdouglas.com\/wp-content\/uploads\/2019\/03\/PanelGlide2-300x120.jpg 300w, https:\/\/entornohunterdouglas.com\/wp-content\/uploads\/2019\/03\/PanelGlide2-768x307.jpg 768w, https:\/\/entornohunterdouglas.com\/wp-content\/uploads\/2019\/03\/PanelGlide2-1024x410.jpg 1024w, https:\/\/entornohunterdouglas.com\/wp-content\/uploads\/2019\/03\/PanelGlide2.jpg 1200w\" sizes=\"auto, (max-width: 300px) 100vw, 300px\" \/><\/a><\/p>\n<p><a href=\"..\/..\/..\/..\/..\/..\/..\/index.php\/panel-glide\/\"><strong>CORTINA PANEL GLIDE<\/strong><\/a><br \/>\nCon l\u00edneas limpias y un estilo contempor\u00e1neo y elegante, una soluci\u00f3n para ventanas de dimensiones amplias o peque\u00f1as, puede ser utilizado como un elegante divisor de espacios.\u00a0<a href=\"..\/..\/..\/..\/..\/..\/..\/index.php\/panel-glide\/\">VER M\u00c1S &gt;&gt;<\/a><\/p>\n<\/div>\n<div class=\"csColumnGap\" style=\"margin: 0px; padding: 0px; float: left; width: 1.56%;\"><img decoding=\"async\" style=\"border: none;\" src=\"https:\/\/entornohunterdouglas.com\/wp-content\/plugins\/advanced-wp-columns\/assets\/js\/plugins\/views\/img\/1x1-pixel.png\" \/><\/div>\n<div class=\"csColumn\" style=\"margin: 0px; padding: 0px; float: left; width: 31.3%;\" data-csstartpoint=\"645\" data-csendpoint=\"945\" data-cswidth=\"31.3%\" data-csid=\"8b7b7fc5-44b3-e336-914b-af511cf5a647\">\n<p><img loading=\"lazy\" decoding=\"async\" class=\"alignnone size-medium wp-image-84\" src=\"https:\/\/entornohunterdouglas.com\/wp-content\/uploads\/2019\/03\/silhouette2-300x120.jpg\" alt=\"\" width=\"300\" height=\"120\" srcset=\"https:\/\/entornohunterdouglas.com\/wp-content\/uploads\/2019\/03\/silhouette2-300x120.jpg 300w, https:\/\/entornohunterdouglas.com\/wp-content\/uploads\/2019\/03\/silhouette2-768x307.jpg 768w, https:\/\/entornohunterdouglas.com\/wp-content\/uploads\/2019\/03\/silhouette2-1024x410.jpg 1024w, https:\/\/entornohunterdouglas.com\/wp-content\/uploads\/2019\/03\/silhouette2.jpg 1200w\" sizes=\"auto, (max-width: 300px) 100vw, 300px\" \/><\/p>\n<p><a href=\"..\/..\/..\/..\/..\/..\/..\/index.php\/cortinas-silhouette\/\"><strong>CORTINA SILHOUETTE<\/strong><\/a><br \/>\nEs un producto de alta calidad y dise\u00f1o de vanguardia. Sus suaves l\u00e1minas de tela suspendidas entre dos velos trasl\u00facidos aportan elegancia. <a href=\"..\/..\/..\/..\/..\/..\/..\/index.php\/cortinas-silhouette\/\">VER M\u00c1S &gt;&gt;<\/a><\/p>\n<p><a href=\"..\/..\/..\/..\/..\/..\/..\/index.php\/cortinas-roller\/\"><img loading=\"lazy\" decoding=\"async\" class=\"alignnone size-medium wp-image-80\" src=\"https:\/\/entornohunterdouglas.com\/wp-content\/uploads\/2019\/03\/romanas-300x120.jpg\" alt=\"\" width=\"300\" height=\"120\" srcset=\"https:\/\/entornohunterdouglas.com\/wp-content\/uploads\/2019\/03\/romanas-300x120.jpg 300w, https:\/\/entornohunterdouglas.com\/wp-content\/uploads\/2019\/03\/romanas-768x307.jpg 768w, https:\/\/entornohunterdouglas.com\/wp-content\/uploads\/2019\/03\/romanas-1024x410.jpg 1024w, https:\/\/entornohunterdouglas.com\/wp-content\/uploads\/2019\/03\/romanas.jpg 1200w\" sizes=\"auto, (max-width: 300px) 100vw, 300px\" \/><img loading=\"lazy\" decoding=\"async\" class=\"alignnone wp-image-132 size-medium\" src=\"https:\/\/i0.wp.com\/hunterdouglasecuador.com\/wp-content\/uploads\/2017\/03\/roller2.jpg?resize=300%2C135\" alt=\"\" width=\"300\" height=\"135\" \/><\/a><\/p>\n<p><a href=\"..\/..\/..\/..\/..\/..\/..\/index.php\/cortinas-roller\/\"><strong>CORTINA ROLLER \/ ENROLLABLES<\/strong><\/a><br \/>\nElegantes y sofisticadas, entrega cientos de soluciones para todas tus espacios. Ofrecen una operaci\u00f3n confortable y poderosa que permite cubrir tanto peque\u00f1as como grandes dimensiones.\u00a0<a href=\"..\/..\/..\/..\/..\/..\/..\/index.php\/cortinas-roller\/\">VER M\u00c1S &gt;&gt;<\/a><\/p>\n<\/div>\n<div class=\"csColumnGap\" style=\"margin: 0px; padding: 0px; float: left; width: 1.56%;\"><img decoding=\"async\" style=\"border: none;\" src=\"https:\/\/entornohunterdouglas.com\/wp-content\/plugins\/advanced-wp-columns\/assets\/js\/plugins\/views\/img\/1x1-pixel.png\" \/><\/div>\n<div style=\"clear: both; float: none; display: block; visibility: hidden; width: 0px; font-size: 0px; line-height: 0;\"><\/div>\n<\/div>\n<\/div>\n<div style=\"text-align: center;\"><\/div>\n","protected":false},"excerpt":{"rendered":"<p>CORTINA BLACKOUT DUETTE Fabricada en tela de poliester y recubierta de PVC, posee una estructura celular de celdas tipo panal que otorgan aislaci\u00f3n t\u00e9rmica y absorci\u00f3n ac\u00fastica. VER M\u00c1S &gt;&gt; CORTINA PIROUETTE<a class=\"moretag\" href=\"https:\/\/entornohunterdouglas.com\/index.php\/cortinas-y-persianas\/\">Leer m\u00e1s&#8230;<\/a><\/p>\n","protected":false},"author":1,"featured_media":0,"parent":0,"menu_order":0,"comment_status":"closed","ping_status":"closed","template":"","meta":{"_joinchat":[],"footnotes":""},"class_list":["post-66","page","type-page","status-publish","hentry"],"_links":{"self":[{"href":"https:\/\/entornohunterdouglas.com\/index.php\/wp-json\/wp\/v2\/pages\/66","targetHints":{"allow":["GET"]}}],"collection":[{"href":"https:\/\/entornohunterdouglas.com\/index.php\/wp-json\/wp\/v2\/pages"}],"about":[{"href":"https:\/\/entornohunterdouglas.com\/index.php\/wp-json\/wp\/v2\/types\/page"}],"author":[{"embeddable":true,"href":"https:\/\/entornohunterdouglas.com\/index.php\/wp-json\/wp\/v2\/users\/1"}],"replies":[{"embeddable":true,"href":"https:\/\/entornohunterdouglas.com\/index.php\/wp-json\/wp\/v2\/comments?post=66"}],"version-history":[{"count":15,"href":"https:\/\/entornohunterdouglas.com\/index.php\/wp-json\/wp\/v2\/pages\/66\/revisions"}],"predecessor-version":[{"id":129,"href":"https:\/\/entornohunterdouglas.com\/index.php\/wp-json\/wp\/v2\/pages\/66\/revisions\/129"}],"wp:attachment":[{"href":"https:\/\/entornohunterdouglas.com\/index.php\/wp-json\/wp\/v2\/media?parent=66"}],"curies":[{"name":"wp","href":"https:\/\/api.w.org\/{rel}","templated":true}]}}